 h(z) = z**2 + 2*z + 2. Let k = 24 - 27. Calculate the remainder when l(-8) is divided by h(k).
2
Suppose -2268 = -74*y + 15*y - 25*y. What is the remainder when 183 is divided by y?
21
Let k be (-4)/(-3)*(-6)/(-4). Let l(n) be the second derivative of 28*n**3/3 - 2*n**2 - n - 209. What is the remainder when l(k) is divided by 37?
34
Suppose -249056 = 988*j - 1074*j. Calculate the remainder when j is divided by 42.
40
Let h = 167 - 66. Let y(j) = -2*j**3 + 255*j**2 + 397*j - 1246. What is the remainder when h is divided by y(129)?
13
Let f = 4584 - 4515. Calculate the remainder when 337 is divided by f.
61
Calculate the remainder when 450*(34/12 + (-10)/4) is divided by 37.
2
What is the remainder when 3 + 4/(56/7434) is divided by 18?
12
Let t(k) = 163*k**2 - 422*k - 3. Suppose -4*y = -2*a + 108, -98 = -2*a - 2*y + 4. What is the remainder when t(3) is divided by a?
42
Suppose 19 = -a - 5*z, 7 = 5*z + 27. Suppose -6*l = -19 + a. Calculate the remainder when 11 is divided by l.
2
Let z(f) = -f**2 + f - 9. Let n be z(-7). Let b = -36 - n. Suppose 2*a + x + 4*x - 22 = 0, -3*a + 5*x + 58 = 0. Calculate the remainder when b is divided by a.
13
Calculate the remainder when (-8)/2*(-1393)/4*540/210 is divided by 56.
54
Let p = 43511 + -43206. Calculate the remainder when 2429 is divided by p.
294
Let t = -2498 - -2768. What is the remainder when 1089 is divided by t?
9
Let p = -8547 + 8772. Calculate the remainder when p is divided by 94.
37
Let q = -3506 + 4689. What is the remainder when q is divided by 37?
36
Let c(u) = 8*u - 13. Calculate the remainder when 48 is divided by c(4).
10
Let a = 53 + -44. Let b = a - 79. Let q = b - -89. Calculate the remainder when 74 is divided by q.
17
Let j(v) = v**3 - 26*v**2 + 53*v - 94. Let k be (-1 - -2)/(8/(-40)). Calculate the remainder when j(24) is divided by k + 3 - 1*-18.
10
Let f = -416709 - -416760. Let x = 10 - 7. What is the remainder when f is divided by 103/4 - x/(-12)?
25
Let n(c) = 2*c**3 + 30*c**2 + 34*c + 8. What is the remainder when n(-9) is divided by 356?
318
Let d(q) = 4*q**2 - 11*q + 12. Let a(m) = 3*m**3 - 4*m**2 - m. What is the remainder when a(4) is divided by d(2)?
4
Let t = -5617 - -5638. Calculate the remainder when 1782 is divided by t.
18
Let y be (-4)/16 - 126/(-24). Suppose 2*s + 3*c = 12, s + y = 3*c + c. Calculate the remainder when (-4)/(-10)*18*10/s is divided by 13.
11
Suppose 4*d - 105643 + 105563 = 0. Calculate the remainder when 4059 is divided by d.
19
Let m = -93 - -93. Suppose m = 4*f + 5*f + 2232. Calculate the remainder when (2/(-2))/((4/1)/f) is divided by 17.
11
Let h = 1 - 1. Suppose -265*m - 24*m = -73*m. Suppose h = -m*l - 7*l + 287. Calculate the remainder when l is divided by 10.
1
Let v(c) = 778*c**2 + 8*c + 12. What is the remainder when v(-1) is divided by 385?
12
Let n = -335 + 495. Suppose -3*j - 2*f + 97 = 0, 2*j - 6*j + 5*f = -n. Let u(b) = b**3 + 11*b**2 + 8*b - 2. Calculate the remainder when j is divided by u(-10).
17
What is the remainder when (-7)/((-28)/24) + 15 + -9 + 231 is divided by 102?
39
Suppose 27*k + 611 = 1016. Suppose -103 = -2*w + 465. Calculate the remainder when w is divided by k.
14
Calculate the remainder when 3895 is divided by 3 + 5 + 1/(-2)*(24 - 22).
3
Suppose j - 4831 = -4*n, -5*j = 2*n - 478 - 1951. Let z = n - 482. What is the remainder when z is divided by 26?
23
Let k be (4 - (6 - (-2)/(-1)))/(-1). Let v(u) = u**3 - 2*u**2 - u - 17. Let n be v(k). Let j = n + 32. What is the remainder when 86 is divided by j?
11
Let v be (-27)/12*4*1. Let g = -1 - v. What is the remainder when (-2562)/(-70) - 6*1/(-15) is divided by g?
5
Let n be (-6)/(-4 + 7) - (-16)/4. What is the remainder when 39 is divided by (-40)/16 + n + 74/4?
3
Suppose 0 = -0*k - 4*k. Let l(n) = n + 170. Calculate the remainder when l(k) is divided by ((-86)/(-16))/((39/(-728))/(84/(-196))).
41
Suppose 38*i = -77*i + 31395. What is the remainder when i is divided by 72?
57
Let k = 4551 + -4510. Suppose 2*r + 305 = 5*c, -4*c = -4*r - 0*r - 244. What is the remainder when c is divided by k?
20
Let d = -4570 - -4605. What is the remainder when 174 is divided by d?
34
Suppose k + 5*r = 331, 2*k + 5*r - 1339 = -2*k. What is the remainder when k is divided by (-1422)/2844 + 53/2?
24
Let y be (-25795)/(-134) + (-2)/4. Let n = y + -30. Calculate the remainder when n is divided by 13.
6
Suppose -8*u + 5*u = 0. Let k(x) = 10*x**2 - 42*x + 43. Calculate the remainder when k(4) is divided by u + 6 + -3 + 0.
2
Let m(r) = r - 14*r**3 + 18*r**3 + 6*r**3 + 16*r**3. Calculate the remainder when 213 is divided by m(1).
24
Let p be (-265487)/(-534) + 1/(-6). Let m = 512 - p. What is the remainder when 163 is divided by m?
13
Let t be 6/(-1) + (-1 - 0). Let q(i) = -16 - 1948*i + i**3 + 969*i + 976*i + 7*i**2. What is the remainder when 17 is divided by q(t)?
2
Let v = 77 - 80. Let o be v/2*(-4732)/21. Suppose o = 7*l + 6*l. What is the remainder when l is divided by 15?
11
Suppose 2*t + 198 = 2*b, t = -t - 2. Suppose 4*n = -3*o + 60, 2*o + 97*n - 96*n = 40. What is the remainder when b is divided by o?
18
Let t(k) = 2*k + 62. Let o = -17 + 45. Calculate the remainder when t(-5) is divided by o.
24
Suppose 2*f = -2*n + 10 + 6, 2*n - 4*f - 4 = 0. Let t(r) = r**2 + 22*r - 4. What is the remainder when t(n) is divided by 11?
10
Let f(p) = p**3 + 7*p**2 - 15*p + 8. Suppose -5*m = -4*m - 5*x - 12, -5*m - 4*x = -176. What is the remainder when f(-8) is divided by m?
0
Let p = 0 + -1. Let l(j) = -3*j**2 - 202*j + 1018. What is the remainder when (-2)/(62/(-58) - p) is divided by l(-72)?
9
Let b(l) = -9*l + 2. Let y(z) = 6*z**2 - 73*z + 106. What is the remainder when y(13) is divided by b(-3)?
26
Suppose -4*f + 20 = 0, a - 11*f + 15*f - 1049 = 0. Calculate the remainder when a is divided by 3.
0
Let s be (132/(-21) + 2)*(-2 - 5). Suppose -34*z + 108 = -s*z. Calculate the remainder when z is divided by (0 + -7)*24/(-28).
3
Let c be (-5)/4*2*(0 - 4). Suppose c = -2*m, 124 = 6*x - 2*x - 4*m. What is the remainder when x is divided by 6?
2
Let b = -290 - -308. Suppose -13*a = 58 - 851. Calculate the remainder when a is divided by b.
7
Let w be (-1 - 1) + 36/3. Let p(c) = -2*c**3 - 14*c**2 - 7*c + 3. Calculate the remainder when p(-7) is divided by ((-15)/w)/(3/(-54) - 0).
25
Suppose 152*f - 318*f = -155*f - 704. Suppose 2*j - 756 = -j. What is the remainder when j is divided by f?
60
Let i = 8313 - 7026. Calculate the remainder when i is divided by 258.
255
Let a(o) = o**3 + 36*o**2 - 42*o + 125. Let w be a(-37). Suppose -315*b = -w*b - 665. Calculate the remainder when b is divided by (1 - 2)/((-1)/23).
18
Suppose -j = 11*t - 10*t - 100, -4*j - 188 = -2*t. Calculate the remainder when 138 is divided by t.
40
Let b = 124650 - 124623. Let w(o) = o**3 - 4*o**2 + 6*o + 7. What is the remainder when w(5) is divided by b?
8
Suppose -2*b - 4*h = -7*h - 234, 0 = -5*h. Suppose 0 = 5*l - 14*l + b. Calculate the remainder when 102 is divided by l.
11
Suppose 6*i + 8*i - 728 = 0. What is the remainder when ((-14)/(-2) + -1)*i/3 is divided by 27?
23
Let k(d) = 49*d - 21. Let s be k(1). Calculate the remainder when 577 is divided by (46 + -48)*(-1 - s).
55
Let a(r) = -2*r**3 + 81*r**2 + 40*r + 67. Let d(t) = 3*t**2 - 114*t + 41. Let y be d(38). Calculate the remainder when 154 + (-3)/(2 + 1) is divided by a(y).
23
Let a = 66 + -61. Let p(c) = c**3 - 3*c**2 + 3. Let b be p(3). Suppose 197 + 125 = b*l + u, -6 = 3*u. What is the remainder when l is divided by a?
3
Suppose -4 = -4*z, 4*t + 5*z - 1381 = -0*t. What is the remainder when t is divided by 13?
6
Let f(g) = 33*g + 5. Let z be 4 - 122*4/(-8). Let p = -46 + z. Calculate the remainder when f(2) is divided by p.
14
Suppose 62*h - 20*h = -26*h + 4420. Calculate the remainder when 25544 is divided by h.
64
Let n = 124 + -121. Suppose -n*m + 4*s + 50 = -343, 5*s = -3*m + 420. Suppose 0 = 4*g + 8, -2*g - 62 = -2*q + g. Calculate the remainder when m is divided by q.
23
Suppose 110*v = 3*u + 106*v - 806, -4*u = 2*v - 1082. What is the remainder when u is divided by 22?
6
Let r(l) = -7*l + 4. Let w(a) = -84*a + 49. Let i(s) = 35*r(s) - 3*w(s). Suppose 0 = 83*g - 80*g - 15. Calculate the remainder when i(g) is divided by 15.
13
Suppose 5*u = a + 29 - 213,